8 a prime number?
False
Let s = 3450 + -1943. Is s a prime number?
False
Is 3/(12/(-8)) + 381 a prime number?
True
Suppose 5*c - c + 3*o + 806 = 0, -2*c = 5*o + 410. Let g be (-1 - c/2) + 0. Suppose -a + g = 10. Is a a composite number?
False
Suppose -63 - 61 = -j - 3*f, f = 2*j - 227. Is j/3 + (-2)/(-3) a composite number?
True
Is (6/(-2))/(-1) - -152 composite?
True
Suppose -f + 265 = -952. Is f a composite number?
False
Let n = -3 - -3. Let g be (-3 - (n - 0))/1. Is (-1)/g + 68/3 a prime number?
True
Let c(h) = 2*h**2 - 15*h + 2. Is c(11) composite?
False
Let d = 131 + -69. Is d prime?
False
Let v be 4*1/4*0. Suppose 4*a + 4*i - 844 = v, -420 = -2*a - 0*i - 3*i. Is a composite?
True
Let y(b) = 261*b**2 - 2*b + 1. Let m be y(1). Let z(q) = q**3 - 5*q**2 + 4*q + 9. Let l be z(5). Suppose 3*p + l = m. Is p composite?
True
Suppose 0 = -y - 3*y + 8. Suppose 0 = 2*o + y*o - 8. Is o*(2 + -1 - 0) a prime number?
True
Let v = -5 + 8. Suppose -v*r + 27 + 150 = 0. Is r composite?
False
Let c(s) = -s**2 + 14*s - 2. Is c(8) prime?
False
Suppose 16*l - 272 = 3680. Is l composite?
True
Suppose -6*z + 65 = -517. Is z prime?
True
Let l(x) = x**2 + 5*x + 21. Is l(15) prime?
False
Suppose -2*w = 2*w - 2012. Is w a composite number?
False
Let c be 1/((12/(-933))/(-4)). Let h = 452 - c. Is h prime?
False
Is 526/(-6)*(-4 + 1) prime?
True
Let q be -5*3*4/(-30). Suppose y - 56 - q = 0. Is (-2 - (3 - 5)) + y a prime number?
False
Let p(x) = -x - 6. Let k be p(-8). Suppose 0 = -k*u - j + 157, -u = u + 2*j - 160. Is u composite?
True
Is (-691)/2*((-3)/(-1) - 5) a prime number?
True
Suppose 4*v = -m - 3*m + 8, -3*m = -4*v + 1. Let c = v - -48. Is c a composite number?
True
Suppose 5 = -w + 6*w. Suppose -4*a + 7 = -w. Is -1*74*(-1)/a prime?
True
Let u = -80 + 219. Is u a composite number?
False
Suppose 5*r - 69 = -a - 7, 0 = -5*r - 5*a + 50. Suppose -2*u + 5*z + 19 = 0, 2*z + 15 = -3*z. Suppose s - u*x = r, -4*s = -0*s - x - 80. Is s composite?
True
Is (1/2)/((-1)/(-422)) composite?
False
Suppose -5*q = 3*d, -3*q = 3*d - 0*d. Suppose 2*s - 7*s + 2*b = -263, d = 2*s - 5*b - 122. Is s a prime number?
False
Let b = 51 - -76. Is b a prime number?
True
Suppose 0 = 2*b - 5*b + 5*g, -13 = -2*b - g. Suppose -118 = -b*s + 3*s. Is s prime?
True
Suppose -86 = 2*y - 4*y. Suppose -5*x + 5*v + 100 = -0*x, 2*x - y = 5*v. Is x a composite number?
False
Suppose -3*w + 5*w = 0. Suppose -5*y - 2*v + 25 = w, 2*v - 1 - 10 = -3*y. Is y composite?
False
Suppose 5*r - 673 = 432. Is r a prime number?
False
Suppose -43 = -4*g + a + 2*a, -2*g = -5*a - 39. Suppose 2*u = 5 + g. Let j(h) = h**3 - 4*h**2 + 8*h - 5. Is j(u) composite?
True
Let l = 16 + -13. Suppose 0 = 2*g + l*g - 635. Is g prime?
True
Let a = 5 - 0. Let b(w) = -5*w**3 + 11*w**2 - 10*w - 2. Let g(i) = 14*i**3 - 32*i**2 + 29*i + 7. Let f(d) = -11*b(d) - 4*g(d). Is f(a) prime?
False
Suppose 4*n - 217 = 3*n. Is n a composite number?
True
Let j(h) = 4*h**2 - 9*h + 6. Let q be j(6). Let s = 227 - q. Is s composite?
False
Let l = 0 + 3. Suppose 3*n - 6 = l. Suppose 0 = -3*d + n*m + 27, -4*d = d - m - 61. Is d composite?
False
Let c be 1/6 - (-1523)/6. Let h = -161 + c. Is h a prime number?
False
Let s(m) = 7*m**3 - 20*m**2 - 10*m - 4. Is s(9) composite?
False
Suppose -2*q - 3*y = -68, 2*q - 188 = -3*q - 3*y. Suppose -2*g + q = -0. Suppose 138 = j + g. Is j prime?
False
Is ((-11)/((-132)/(-8)))/(2/(-357)) composite?
True
Let c be 1/2 - (-705)/(-10). Let y = c - -147. Is y a composite number?
True
Let n(f) = 10*f**3 + 2*f**2 - 1. Is n(1) prime?
True
Let t be -1*(-5)/2*2. Let k be 482/18 + 16/72. Suppose -k = -t*o + 28. Is o prime?
True
Let p be 2/(2*(-1)/7). Let c = p + 11. Suppose -4*r + 21 = 2*a - 19, 4*r = c*a - 92. Is a composite?
True
Let y(t) = t**3 - 6*t**2 - 7*t + 4. Let g be y(7). Suppose 328 = g*w - 3*q - q, -w - q + 72 = 0. Is w a composite number?
True
Suppose 2*j + p - 1623 = 0, -2*j - 5*p + 4060 = 3*j. Is j composite?
False
Let s(n) = -3*n + 4*n + 0*n. Let l be s(6). Suppose 0 = l*x - x - 45. Is x prime?
False
Let w(h) = -69*h + 4. Is w(-3) composite?
False
Suppose -30554 - 6405 = -13*i. Is i composite?
False
Let b be 12/9*9/(-2). Let z(k) = -k**3 - 7*k**2 - 5*k + 6. Let q be z(b). Suppose q = -2*a + 5*a - 69. Is a a prime number?
True
Let i = -201 + 305. Is (-16)/i + (-498)/(-26) a composite number?
False
Suppose -4*d + 15 = -1. Suppose 5*h + 4 = d*h, 4*h = 3*p - 58. Is p a prime number?
False
Let s(p) = -2*p - p - 2*p - p**3 + 12*p**2 - 6*p + 11. Is s(8) a prime number?
True
Suppose 5*y - 60 = -b, 0 = -0*b - 2*b - 5*y + 115. Suppose -b = -7*n + 2*n. Is n composite?
False
Suppose 0*f + 3*f - 5*k = -370, 2*f + 280 = -5*k. Let o = -77 - f. Is o composite?
False
Let s = -181 - -255. Suppose 2*m - 71 = -a, 3*a = -3*m + 133 + s. Is a a composite number?
False
Let o(z) = z + 5. Let l be o(-5). Suppose l = k + 1. Let a = 18 - k. Is a prime?
True
Suppose -5*k = m - 573, -5*m + 4*k + 1174 = -3*m. Is m a prime number?
False
Is (-118*(-2)/2)/2 a composite number?
False
Suppose 0 = -3*l - 2*l. Suppose -g + 58 = 3*d, l*d = 2*d - 3*g - 57. Is d a prime number?
False
Let i = -41 - -21. Is 8/i + (-77)/(-5) a prime number?
False
Let s(w) = -w**3 + 4*w**2 + 2*w + 1. Let a be s(4). Is 3*(42/a - 1) a composite number?
False
Let p = 2383 - 1234. Is p a composite number?
True
Suppose -74 = -k + 62. Let t be k/6 + (-5)/(-15). Suppose -3*h - t = -4*h - 2*z, -h = z - 27. Is h prime?
True
Let b = -5397 + 8850. Is b a composite number?
True
Let k(r) = r**2 + 1. Let m(p) = -26*p**2 + 7. Let y(w) = 6*k(w) - m(w). Is y(2) composite?
False
Let p be (8/(-10))/(6/15). Let u(w) = 2*w + w + 30*w**2 + 0*w + 1 - 8*w**2. Is u(p) prime?
True
Let p = 7521 - 1922. Is p a composite number?
True
Suppose -2 = 4*a + 2*f, 2*a = -2*a - 3*f - 3. Suppose 3*s + 5*d - 89 = a, -82 = -3*s + 3*d + 47. Is s a composite number?
True
Is (-1597)/(-5) - (6 + 56/(-10)) a prime number?
False
Suppose -5*c + 33 = -4*y, 2*y + 4 = -0. Let j(u) = 6 + 2*u**3 - c*u - u**2 - 5*u**2 + 2*u. Is j(5) a composite number?
True
Suppose 154 + 311 = 3*i. Is i prime?
False
Let v = -11 + 16. Suppose 7*q - 4*q - 913 = n, -v*q - n + 1527 = 0. Is q composite?
True
Is 163/(-3)*(-5 + 2) prime?
True
Let b(j) = 26*j**3 + 4*j**2 - j + 4. Is b(3) prime?
True
Suppose g = z + 3*g - 28, 5*g = -4*z + 124. Let i = z + -4. Let u = -11 + i. Is u a composite number?
True
Let m(q) = 25*q**2 - q - 7. Is m(-4) a prime number?
True
Is 5 - (-756 - (7 + -2)) composite?
True
Let k = 20 + -13. Is k a composite number?
False
Let p(v) = 14*v + 37. Let w(s) = -7*s - 18. Let c(u) = -6*p(u) - 13*w(u). Is c(11) a composite number?
False
Let h = -7 + 7. Suppose h = 5*f - 0*f - 485. Is f composite?
False
Let w(v) = v**2 - 3*v - 1. Let q be w(4). Suppose -3*m + 647 = 2*g, -m - q*g = 4*m - 1079. Is m prime?
False
Let s(w) = 26*w**2 - w. Is s(-2) a prime number?
False
Suppose 0 = -5*r - 4*n + 92, 3*n - n = -5*r + 86. Let b be (-295)/(-4) - (-4)/r. Suppose 3*u - u - b = 0. Is u a composite number?
False
Is (4 + 3)*(3 - 2 - -52) prime?
False
Let v(q) = -10*q**2 - 2*q - 3. Let g be v(3). Let j be 0/1 + (4 - g). Suppose 27 = 2*u - j. Is u a composite number?
True
Suppose -b - 2*f = -8, -3*b + 2*f = -6*b + 32. Is (279/(-12))/((-3)/b) prime?
False
Suppose -13*t = -18*t + 845. Is t a composite number?
True
Suppose 0*z = z. Let c be 6/2 - (-1)/(-1). Suppose 2*a = -4, -f - f + c*a + 110 = z. Is f composite?
False
Suppose 0 = 4*t + 4*t - 25592. Is t composite?
True
Suppose -w = -5*w - 21080. Suppose -13 - 14 = 3*l. Is (-2)/l + w/(-18) a prime number?
True
Let o(l) = -245*l**3 + 2*l**2 + 2*l - 5. Is o(-2) composite?
True
Suppose 2*v - 5 = v. Suppose 1419 = v*o - 1256. Is o a prime number?
False
Let a = 256 - -385. Is a prime?
True
Let p(v) = -v**2 + 7*v + 11. Let f be p(8). Suppose 3*l + 3 = 0, -2*j - f*l = -4*j + 257. Is j composite?
False
Let f(i) = 2*i**2 + i + 10. Is f(7) composite?
True
Is (-18 + 160)/((-4)/(-10)) a composite number?
True
Is (-3)/(-3 - (-1920)/644) prime?
False
Let u(c) = 20*c - 2. Is u(8) composite?
True
Suppose u + 14 = 279. Is u composite?
True
Let j be ((-4)/3)/(2/3). Let g be j/(-2) + 2/2. Is ((-159)/6)/((-1)/g) a composite number?
False
Let p(j) = -j**2 + 8*j + 1. Let n be p(8). Is 1 - (n + -257 + 0) composite?
False
S